{"id":79,"date":"2024-06-21T11:16:59","date_gmt":"2024-06-21T09:16:59","guid":{"rendered":"https:\/\/bauwerk.weinmuellner.com\/?page_id=79"},"modified":"2026-03-09T10:10:18","modified_gmt":"2026-03-09T09:10:18","slug":"79-2","status":"publish","type":"page","link":"https:\/\/www.bauwerk-schladming.at\/?page_id=79","title":{"rendered":"Unternehmen"},"content":{"rendered":"<p>[et_pb_section fb_built=&#8220;1&#8243; _builder_version=&#8220;4.25.2&#8243; _module_preset=&#8220;default&#8220; background_color=&#8220;#E1E1E2&#8243; background_image=&#8220;https:\/\/www.bauwerk-schladming.at\/wp-content\/uploads\/2024\/06\/header-bild-05a.png&#8220; parallax=&#8220;on&#8220; min_height=&#8220;420px&#8220; global_colors_info=&#8220;{}&#8220;][et_pb_row _builder_version=&#8220;4.25.2&#8243; _module_preset=&#8220;default&#8220; global_colors_info=&#8220;{}&#8220;][et_pb_column type=&#8220;4_4&#8243; _builder_version=&#8220;4.25.2&#8243; _module_preset=&#8220;default&#8220; global_colors_info=&#8220;{}&#8220;][et_pb_image src=&#8220;https:\/\/www.bauwerk-schladming.at\/wp-content\/uploads\/2024\/06\/bauwerk-schladming-knauss-weiss.svg&#8220; title_text=&#8220;bauwerk-schladming-knauss-weiss&#8220; _builder_version=&#8220;4.25.2&#8243; _module_preset=&#8220;default&#8220; height=&#8220;116px&#8220; global_colors_info=&#8220;{}&#8220;][\/et_pb_image][et_pb_text _builder_version=&#8220;4.25.2&#8243; _module_preset=&#8220;default&#8220; global_colors_info=&#8220;{}&#8220;]<\/p>\n<h3><span style=\"color: #ffffff;\">Wir kennen alle Facetten im Bauprozess und haben die Erfahrung, diese reibungslos zusammenzuf\u00fchren.<\/span><\/h3>\n<p>[\/et_pb_text][\/et_pb_column][\/et_pb_row][\/et_pb_section][et_pb_section fb_built=&#8220;1&#8243; _builder_version=&#8220;4.25.2&#8243; _module_preset=&#8220;default&#8220; global_colors_info=&#8220;{}&#8220;][et_pb_row column_structure=&#8220;1_3,1_3,1_3&#8243; _builder_version=&#8220;4.25.2&#8243; _module_preset=&#8220;default&#8220; global_colors_info=&#8220;{}&#8220;][et_pb_column type=&#8220;1_3&#8243; _builder_version=&#8220;4.25.2&#8243; _module_preset=&#8220;default&#8220; global_colors_info=&#8220;{}&#8220;][et_pb_text _builder_version=&#8220;4.25.2&#8243; _module_preset=&#8220;default&#8220; global_colors_info=&#8220;{}&#8220;]<\/p>\n<h3>Wir sind&#8230;<\/h3>\n<p>[\/et_pb_text][et_pb_text _builder_version=&#8220;4.25.2&#8243; _module_preset=&#8220;default&#8220; global_colors_info=&#8220;{}&#8220;]<\/p>\n<p>Wissen aus erster Hand und hochqualifizierte Mitarbeiter sowie die Zusammenarbeit mit ausgesuchten Profis wie Architekten, Fachplanern usw. sind unser Rezept, um wettbewerbsf\u00e4hig zu sein.<\/p>\n<p>Unser Fokus liegt auf der Realisierung von Bauprojekten innerhalb eines festgelegten Zeitraumes, im Qualit\u00e4tsmanagement, als auch in der Kostenkontrolle.<\/p>\n<p>Anspruchsvolle Projekte, die sich von der Masse abheben, sind unsere Spezialit\u00e4t.<\/p>\n<p>[\/et_pb_text][\/et_pb_column][et_pb_column type=&#8220;1_3&#8243; _builder_version=&#8220;4.25.2&#8243; _module_preset=&#8220;default&#8220; global_colors_info=&#8220;{}&#8220;][et_pb_text _builder_version=&#8220;4.25.2&#8243; _module_preset=&#8220;default&#8220; global_colors_info=&#8220;{}&#8220;]<\/p>\n<h3>Unsere Philosophie<\/h3>\n<p>[\/et_pb_text][et_pb_text _builder_version=&#8220;4.25.2&#8243; _module_preset=&#8220;default&#8220; global_colors_info=&#8220;{}&#8220;]<\/p>\n<p><strong>Das Ziel lautet, ein Bauprojekt so zu planen und abzuwickeln, dass die vereinbarten Termine und Kosten eingehalten werden, Qualit\u00e4t und Ausf\u00fchrung dem Leistungsverzeichnis entsprechen und dies in enger Zusammenarbeit mit der Bauherrenschaft, der Architektur sowie der beauftragten Gewerke<\/strong>.<\/p>\n<p>Alle relevanten OIB-Richtlinien, Gesetze, Normen und Vorgaben der Beh\u00f6rden m\u00fcssen dabei eingehalten werden. Weiters liegt ein wichtiger Punkt in der Bauaufsicht und der genauen Abrechnungspr\u00fcfung.\u00a0<\/p>\n<p>Wir f\u00fchren weiters die f\u00fcr den Bauherrn gesetzlich vorgeschriebene Planungs- und Baustellenkoordination gem\u00e4\u00df Baustellenkoordinationsgesetz durch.\u00a0<\/p>\n<p>[\/et_pb_text][\/et_pb_column][et_pb_column type=&#8220;1_3&#8243; _builder_version=&#8220;4.27.4&#8243; _module_preset=&#8220;default&#8220; global_colors_info=&#8220;{}&#8220;][et_pb_image src=&#8220;https:\/\/www.bauwerk-schladming.at\/wp-content\/uploads\/2026\/01\/2026.png&#8220; title_text=&#8220;2026&#8243; _builder_version=&#8220;4.27.4&#8243; _module_preset=&#8220;default&#8220; box_shadow_style=&#8220;preset6&#8243; global_colors_info=&#8220;{}&#8220;][\/et_pb_image][et_pb_image src=&#8220;https:\/\/www.bauwerk-schladming.at\/wp-content\/uploads\/2025\/04\/baumeister.png&#8220; title_text=&#8220;baumeister&#8220; _builder_version=&#8220;4.27.4&#8243; _module_preset=&#8220;default&#8220; global_colors_info=&#8220;{}&#8220;][\/et_pb_image][\/et_pb_column][\/et_pb_row][\/et_pb_section][et_pb_section fb_built=&#8220;1&#8243; _builder_version=&#8220;4.25.2&#8243; _module_preset=&#8220;default&#8220; custom_padding=&#8220;1px|||||&#8220; global_colors_info=&#8220;{}&#8220;][et_pb_row _builder_version=&#8220;4.25.2&#8243; _module_preset=&#8220;default&#8220; global_colors_info=&#8220;{}&#8220;][et_pb_column type=&#8220;4_4&#8243; _builder_version=&#8220;4.25.2&#8243; _module_preset=&#8220;default&#8220; global_colors_info=&#8220;{}&#8220;][et_pb_text _builder_version=&#8220;4.25.2&#8243; _module_preset=&#8220;default&#8220; global_colors_info=&#8220;{}&#8220;]<\/p>\n<h3>Unser Team<\/h3>\n<p>[\/et_pb_text][et_pb_text _builder_version=&#8220;4.25.2&#8243; _module_preset=&#8220;default&#8220; global_colors_info=&#8220;{}&#8220;]<\/p>\n<p>Unser Team besteht aus drei erfahrenen Technikern.<\/p>\n<p>[\/et_pb_text][\/et_pb_column][\/et_pb_row][et_pb_row column_structure=&#8220;1_3,1_3,1_3&#8243; _builder_version=&#8220;4.25.2&#8243; _module_preset=&#8220;default&#8220; global_colors_info=&#8220;{}&#8220;][et_pb_column type=&#8220;1_3&#8243; _builder_version=&#8220;4.25.2&#8243; _module_preset=&#8220;default&#8220; global_colors_info=&#8220;{}&#8220;][et_pb_image src=&#8220;https:\/\/www.bauwerk-schladming.at\/wp-content\/uploads\/2025\/01\/20240507_095517.jpg&#8220; title_text=&#8220;20240507_095517&#8243; _builder_version=&#8220;4.25.2&#8243; _module_preset=&#8220;default&#8220; background_color=&#8220;RGBA(255,255,255,0)&#8220; width=&#8220;128px&#8220; border_radii=&#8220;on|120px|120px|120px|120px&#8220; global_colors_info=&#8220;{}&#8220;][\/et_pb_image][et_pb_text _builder_version=&#8220;4.25.2&#8243; _module_preset=&#8220;default&#8220; global_colors_info=&#8220;{}&#8220;]<\/p>\n<h1>Reinhard<br \/><strong>Knauss<\/strong><\/h1>\n<p><strong>Firmengr\u00fcnder und<\/strong><br \/><strong>Gesellschafter<\/strong><\/p>\n<p><span style=\"font-size: small;\">knauss@bauwerk-schladming.at<\/span><br \/><span style=\"font-size: small;\">Tel. 0664 \/ 10 20 190<\/span><\/p>\n<p>&nbsp;<\/p>\n<p>[\/et_pb_text][\/et_pb_column][et_pb_column type=&#8220;1_3&#8243; _builder_version=&#8220;4.25.2&#8243; _module_preset=&#8220;default&#8220; global_colors_info=&#8220;{}&#8220;][et_pb_image src=&#8220;https:\/\/www.bauwerk-schladming.at\/wp-content\/uploads\/2025\/01\/wp.jpg&#8220; title_text=&#8220;wp&#8220; _builder_version=&#8220;4.27.4&#8243; _module_preset=&#8220;default&#8220; background_color=&#8220;RGBA(255,255,255,0)&#8220; width=&#8220;128px&#8220; border_radii=&#8220;on|120px|120px|120px|120px&#8220; global_colors_info=&#8220;{}&#8220;][\/et_pb_image][et_pb_text _builder_version=&#8220;4.25.2&#8243; _module_preset=&#8220;default&#8220; global_colors_info=&#8220;{}&#8220;]<\/p>\n<h1>Wolfgang<br \/><strong>Pilz<\/strong><\/h1>\n<p><strong>Projektmanagement, \u00d6BA, Ausschreibungen<\/strong><\/p>\n<p><span style=\"font-size: small;\">pilz@bauwerk-schladming.at<\/span><\/p>\n<p>&nbsp;<\/p>\n<p>[\/et_pb_text][\/et_pb_column][et_pb_column type=&#8220;1_3&#8243; _builder_version=&#8220;4.25.2&#8243; _module_preset=&#8220;default&#8220; global_colors_info=&#8220;{}&#8220;][et_pb_image src=&#8220;https:\/\/www.bauwerk-schladming.at\/wp-content\/uploads\/2025\/12\/Businessportrait_.png&#8220; title_text=&#8220;Businessportrait_&#8220; _builder_version=&#8220;4.27.4&#8243; _module_preset=&#8220;default&#8220; background_color=&#8220;RGBA(255,255,255,0)&#8220; width=&#8220;128px&#8220; border_radii=&#8220;on|120px|120px|120px|120px&#8220; border_style_all=&#8220;none&#8220; global_colors_info=&#8220;{}&#8220;][\/et_pb_image][et_pb_text _builder_version=&#8220;4.25.2&#8243; _module_preset=&#8220;default&#8220; custom_padding=&#8220;|49px||||&#8220; global_colors_info=&#8220;{}&#8220;]<\/p>\n<h1>Christoph<br \/><strong>Schl\u00fc\u00dflmayr<\/strong><\/h1>\n<p><b>Projektmanagement,<br \/>\u00d6BA<\/b><\/p>\n<p><span style=\"font-size: small;\">schluesslmayr@bauwerk-schladming.at<\/span><br \/><span style=\"font-size: small;\">Tel. 0676 \/ 33 91 205<\/span><\/p>\n<p>&nbsp;<\/p>\n<p>[\/et_pb_text][\/et_pb_column][\/et_pb_row][\/et_pb_section][et_pb_section fb_built=&#8220;1&#8243; _builder_version=&#8220;4.25.2&#8243; _module_preset=&#8220;default&#8220; background_color=&#8220;#E1E1E2&#8243; global_colors_info=&#8220;{}&#8220;][et_pb_row column_structure=&#8220;1_2,1_4,1_4&#8243; _builder_version=&#8220;4.25.2&#8243; _module_preset=&#8220;default&#8220; global_colors_info=&#8220;{}&#8220;][et_pb_column type=&#8220;1_2&#8243; _builder_version=&#8220;4.25.2&#8243; _module_preset=&#8220;default&#8220; global_colors_info=&#8220;{}&#8220;][et_pb_text _builder_version=&#8220;4.25.2&#8243; _module_preset=&#8220;default&#8220; global_colors_info=&#8220;{}&#8220;]<\/p>\n<h3>Standort<\/h3>\n<p>[\/et_pb_text][et_pb_text _builder_version=&#8220;4.25.2&#8243; _module_preset=&#8220;default&#8220; global_colors_info=&#8220;{}&#8220;]<\/p>\n<p>Unser B\u00fcro befindet sich im Zentrum der Bergstadt Schladming, unmittelbar neben dem Stadttor und der Katholischen Pfarrkirche. Parkm\u00f6glichkeiten bestehen direkt vor dem B\u00fcrogeb\u00e4ude.<\/p>\n<p>\u00d6ffnungszeiten: <br \/>Mo-Do 07:00-12:00 Uhr \/ 13:00-17:00 Uhr<br \/>Freitag 07:00-12:00 Uhr.<\/p>\n<p>Termine nach Vereinbarung.<\/p>\n<p>Unser B\u00fcro befindet sich im 1. Obergeschoss und ist bequem und barrierefrei, mittels Personenaufzug, erreichbar.<\/p>\n<p>[\/et_pb_text][\/et_pb_column][et_pb_column type=&#8220;1_4&#8243; _builder_version=&#8220;4.25.2&#8243; _module_preset=&#8220;default&#8220; global_colors_info=&#8220;{}&#8220;][et_pb_image src=&#8220;https:\/\/www.bauwerk-schladming.at\/wp-content\/uploads\/2024\/06\/lageplan-buero-bauwerk-5.jpg&#8220; title_text=&#8220;lageplan-buero-bauwerk-5&#8243; show_in_lightbox=&#8220;on&#8220; _builder_version=&#8220;4.25.2&#8243; _module_preset=&#8220;default&#8220; global_colors_info=&#8220;{}&#8220;][\/et_pb_image][\/et_pb_column][et_pb_column type=&#8220;1_4&#8243; _builder_version=&#8220;4.25.2&#8243; _module_preset=&#8220;default&#8220; global_colors_info=&#8220;{}&#8220;][et_pb_image src=&#8220;https:\/\/www.bauwerk-schladming.at\/wp-content\/uploads\/2024\/06\/buero-151.jpg&#8220; title_text=&#8220;buero-151&#8243; show_in_lightbox=&#8220;on&#8220; _builder_version=&#8220;4.25.2&#8243; _module_preset=&#8220;default&#8220; global_colors_info=&#8220;{}&#8220;][\/et_pb_image][\/et_pb_column][\/et_pb_row][\/et_pb_section]<\/p>\n","protected":false},"excerpt":{"rendered":"<p>Wir kennen alle Facetten im Bauprozess und haben die Erfahrung, diese reibungslos zusammenzuf\u00fchren.Wir sind&#8230;Wissen aus erster Hand und hochqualifizierte Mitarbeiter sowie die Zusammenarbeit mit ausgesuchten Profis wie Architekten, Fachplanern usw. sind unser Rezept, um wettbewerbsf\u00e4hig zu sein. Unser Fokus liegt auf der Realisierung von Bauprojekten innerhalb eines festgelegten Zeitraumes, im Qualit\u00e4tsmanagement, als auch in der [&hellip;]<\/p>\n","protected":false},"author":2,"featured_media":0,"parent":0,"menu_order":0,"comment_status":"closed","ping_status":"closed","template":"","meta":{"_et_pb_use_builder":"on","_et_pb_old_content":"","_et_gb_content_width":"","inline_featured_image":false,"footnotes":""},"class_list":["post-79","page","type-page","status-publish","hentry"],"_links":{"self":[{"href":"https:\/\/www.bauwerk-schladming.at\/index.php?rest_route=\/wp\/v2\/pages\/79","targetHints":{"allow":["GET"]}}],"collection":[{"href":"https:\/\/www.bauwerk-schladming.at\/index.php?rest_route=\/wp\/v2\/pages"}],"about":[{"href":"https:\/\/www.bauwerk-schladming.at\/index.php?rest_route=\/wp\/v2\/types\/page"}],"author":[{"embeddable":true,"href":"https:\/\/www.bauwerk-schladming.at\/index.php?rest_route=\/wp\/v2\/users\/2"}],"replies":[{"embeddable":true,"href":"https:\/\/www.bauwerk-schladming.at\/index.php?rest_route=%2Fwp%2Fv2%2Fcomments&post=79"}],"version-history":[{"count":30,"href":"https:\/\/www.bauwerk-schladming.at\/index.php?rest_route=\/wp\/v2\/pages\/79\/revisions"}],"predecessor-version":[{"id":585,"href":"https:\/\/www.bauwerk-schladming.at\/index.php?rest_route=\/wp\/v2\/pages\/79\/revisions\/585"}],"wp:attachment":[{"href":"https:\/\/www.bauwerk-schladming.at\/index.php?rest_route=%2Fwp%2Fv2%2Fmedia&parent=79"}],"curies":[{"name":"wp","href":"https:\/\/api.w.org\/{rel}","templated":true}]}}