{"id":68,"date":"2024-06-21T10:39:33","date_gmt":"2024-06-21T08:39:33","guid":{"rendered":"https:\/\/bauwerk.weinmuellner.com\/?page_id=68"},"modified":"2025-01-08T08:51:54","modified_gmt":"2025-01-08T07:51:54","slug":"bauaufsicht","status":"publish","type":"page","link":"https:\/\/www.bauwerk-schladming.at\/?page_id=68","title":{"rendered":"Bauaufsicht"},"content":{"rendered":"\n[et_pb_section fb_built=&#8220;1&#8243; _builder_version=&#8220;4.25.2&#8243; _module_preset=&#8220;default&#8220; background_color=&#8220;#616367&#8243; background_image=&#8220;https:\/\/www.bauwerk-schladming.at\/wp-content\/uploads\/2024\/06\/header-bild-05a.png&#8220; parallax=&#8220;on&#8220; min_height=&#8220;420px&#8220; global_colors_info=&#8220;{}&#8220;][et_pb_row _builder_version=&#8220;4.25.2&#8243; _module_preset=&#8220;default&#8220; global_colors_info=&#8220;{}&#8220;][et_pb_column type=&#8220;4_4&#8243; _builder_version=&#8220;4.25.2&#8243; _module_preset=&#8220;default&#8220; global_colors_info=&#8220;{}&#8220;][et_pb_image src=&#8220;https:\/\/www.bauwerk-schladming.at\/wp-content\/uploads\/2024\/06\/bauwerk-schladming-weiss.svg&#8220; title_text=&#8220;bauwerk-schladming-weiss&#8220; _builder_version=&#8220;4.25.2&#8243; _module_preset=&#8220;default&#8220; height=&#8220;128px&#8220; filter_opacity=&#8220;50%&#8220; animation_style=&#8220;fade&#8220; global_colors_info=&#8220;{}&#8220;][\/et_pb_image][et_pb_text _builder_version=&#8220;4.25.2&#8243; _module_preset=&#8220;default&#8220; global_colors_info=&#8220;{}&#8220;]<h1><span style=\"color: #ffffff;\">\u00d6rtliche Bauaufsicht<\/span><\/h1>[\/et_pb_text][\/et_pb_column][\/et_pb_row][\/et_pb_section][et_pb_section fb_built=&#8220;1&#8243; _builder_version=&#8220;4.25.2&#8243; _module_preset=&#8220;default&#8220; global_colors_info=&#8220;{}&#8220;][et_pb_row _builder_version=&#8220;4.25.2&#8243; _module_preset=&#8220;default&#8220; global_colors_info=&#8220;{}&#8220;][et_pb_column type=&#8220;4_4&#8243; _builder_version=&#8220;4.25.2&#8243; _module_preset=&#8220;default&#8220; global_colors_info=&#8220;{}&#8220;][et_pb_text _builder_version=&#8220;4.25.2&#8243; _module_preset=&#8220;default&#8220; global_colors_info=&#8220;{}&#8220;]<h3>Hoch qualitativ bauen<\/h3>[\/et_pb_text][\/et_pb_column][\/et_pb_row][et_pb_row column_structure=&#8220;1_3,2_3&#8243; _builder_version=&#8220;4.25.2&#8243; _module_preset=&#8220;default&#8220; global_colors_info=&#8220;{}&#8220;][et_pb_column type=&#8220;1_3&#8243; _builder_version=&#8220;4.25.2&#8243; _module_preset=&#8220;default&#8220; global_colors_info=&#8220;{}&#8220;][et_pb_text _builder_version=&#8220;4.25.2&#8243; _module_preset=&#8220;default&#8220; global_colors_info=&#8220;{}&#8220;]<p style=\"text-align: right;\"><span style=\"color: #616367;\"><strong>Die professionelle und kompetente Umsetzung eines Projektes ist unser h\u00f6chstes Anliegen.\u00a0<\/strong><strong>Das\u00a0 fundierte Fachwissen \u00fcber alle Aspekte der Projekt- und Baurealisierung gew\u00e4hrleistet die reibungslose Umsetzung jedes Bauvorhabens und steht f\u00fcr qualitative Ausf\u00fchrung auf h\u00f6chstem\u00a0Niveau.<\/strong><\/span><\/p>[\/et_pb_text][\/et_pb_column][et_pb_column type=&#8220;2_3&#8243; _builder_version=&#8220;4.25.2&#8243; _module_preset=&#8220;default&#8220; global_colors_info=&#8220;{}&#8220;][et_pb_text _builder_version=&#8220;4.25.2&#8243; _module_preset=&#8220;default&#8220; global_colors_info=&#8220;{}&#8220;]<p>Ein Baumanagement aus dem Hause der bau.WERK Knauss GmbH Schladming bedeutet\u00a0 technische, terminliche und kostenm\u00e4\u00dfige \u00dcberwachung aller Arbeiten auf der Baustelle vor Ort. Die koordinierte und \u00fcberwachte Zusammenarbeit mit dem Architekten, den Fachplanern und den ausf\u00fchrenden Gewerken erm\u00f6glicht es, die Anspr\u00fcche des Kunden zu erf\u00fcllen.<\/p>\n<p>\u00dcber die Jahre hat sich die bau.WERK Knauss GmbH die Sensibilit\u00e4t und das Feingef\u00fchl f\u00fcr die verschiedensten Gestaltungsm\u00f6glichkeiten und deren Umsetzung angeeignet. <br \/>Von der Umsetzung anspruchsvoller Architektur und Bauprojekten bis hin zu den diffizilen Punkten bei Genehmigungen, gewerberechtlichen Belangen sowie arbeitnehmerrechtlichen Dingen \u2013 das fundierte Know-How verhindert Stolpersteine jeglicher Art.<\/p>\n<p>Die bau.WERK Knauss GmbH besch\u00e4ftigt sich seit Jahren mit der Abwicklung eines\u00a0 <strong>ZIELORIENTIERTEN, KOSTENG\u00dcNSTIGEN und ZEITSPARENDEN<\/strong> Bauprozesses.<\/p>[\/et_pb_text][\/et_pb_column][\/et_pb_row][\/et_pb_section]\n","protected":false},"excerpt":{"rendered":"<p>\u00d6rtliche BauaufsichtHoch qualitativ bauenDie professionelle und kompetente Umsetzung eines Projektes ist unser h\u00f6chstes Anliegen.\u00a0Das\u00a0 fundierte Fachwissen \u00fcber alle Aspekte der Projekt- und Baurealisierung gew\u00e4hrleistet die reibungslose Umsetzung jedes Bauvorhabens und steht f\u00fcr qualitative Ausf\u00fchrung auf h\u00f6chstem\u00a0Niveau.Ein Baumanagement aus dem Hause der bau.WERK Knauss GmbH Schladming bedeutet\u00a0 technische, terminliche und kostenm\u00e4\u00dfige \u00dcberwachung aller Arbeiten auf der [&hellip;]<\/p>\n","protected":false},"author":2,"featured_media":0,"parent":0,"menu_order":0,"comment_status":"closed","ping_status":"closed","template":"","meta":{"_et_pb_use_builder":"on","_et_pb_old_content":"","_et_gb_content_width":"","inline_featured_image":false,"footnotes":""},"class_list":["post-68","page","type-page","status-publish","hentry"],"_links":{"self":[{"href":"https:\/\/www.bauwerk-schladming.at\/index.php?rest_route=\/wp\/v2\/pages\/68","targetHints":{"allow":["GET"]}}],"collection":[{"href":"https:\/\/www.bauwerk-schladming.at\/index.php?rest_route=\/wp\/v2\/pages"}],"about":[{"href":"https:\/\/www.bauwerk-schladming.at\/index.php?rest_route=\/wp\/v2\/types\/page"}],"author":[{"embeddable":true,"href":"https:\/\/www.bauwerk-schladming.at\/index.php?rest_route=\/wp\/v2\/users\/2"}],"replies":[{"embeddable":true,"href":"https:\/\/www.bauwerk-schladming.at\/index.php?rest_route=%2Fwp%2Fv2%2Fcomments&post=68"}],"version-history":[{"count":17,"href":"https:\/\/www.bauwerk-schladming.at\/index.php?rest_route=\/wp\/v2\/pages\/68\/revisions"}],"predecessor-version":[{"id":462,"href":"https:\/\/www.bauwerk-schladming.at\/index.php?rest_route=\/wp\/v2\/pages\/68\/revisions\/462"}],"wp:attachment":[{"href":"https:\/\/www.bauwerk-schladming.at\/index.php?rest_route=%2Fwp%2Fv2%2Fmedia&parent=68"}],"curies":[{"name":"wp","href":"https:\/\/api.w.org\/{rel}","templated":true}]}}